ivided by 563.
88
Calculate the remainder when 30980 is divided by 2794.
246
What is the remainder when 45822 is divided by 22911?
0
What is the remainder when 25146 is divided by 273?
30
Calculate the remainder when 1674090 is divided by 238.
236
What is the remainder when 241538 is divided by 120724?
90
What is the remainder when 53614 is divided by 367?
32
What is the remainder when 111939 is divided by 386?
385
What is the remainder when 21891 is divided by 136?
131
Calculate the remainder when 110967 is divided by 581.
577
Calculate the remainder when 608464 is divided by 143.
142
What is the remainder when 189 is divided by 92?
5
What is the remainder when 32301 is divided by 258?
51
Calculate the remainder when 22631 is divided by 11.
4
What is the remainder when 4131 is divided by 408?
51
What is the remainder when 197871 is divided by 25?
21
Calculate the remainder when 1837 is divided by 309.
292
Calculate the remainder when 15191 is divided by 1040.
631
Calculate the remainder when 23713 is divided by 39.
1
What is the remainder when 8978 is divided by 79?
51
Calculate the remainder when 1110 is divided by 179.
36
Calculate the remainder when 32827 is divided by 521.
4
Calculate the remainder when 25242 is divided by 1093.
103
Calculate the remainder when 107857 is divided by 34.
9
Calculate the remainder when 1475 is divided by 724.
27
Calculate the remainder when 46052 is divided by 202.
198
Calculate the remainder when 545520 is divided by 272760.
0
Calculate the remainder when 2380 is divided by 185.
160
Calculate the remainder when 13131 is divided by 76.
59
What is the remainder when 9162 is divided by 66?
54
What is the remainder when 2994 is divided by 982?
48
What is the remainder when 1025302 is divided by 274?
268
Calculate the remainder when 99527 is divided by 156.
155
Calculate the remainder when 69299 is divided by 69.
23
Calculate the remainder when 2088 is divided by 224.
72
Calculate the remainder when 2119 is divided by 515.
59
What is the remainder when 3994 is divided by 1816?
362
Calculate the remainder when 4914 is divided by 172.
98
What is the remainder when 42919 is divided by 42861?
58
Calculate the remainder when 28372 is divided by 7093.
0
Calculate the remainder when 1456 is divided by 78.
52
What is the remainder when 24885 is divided by 127?
120
Calculate the remainder when 33480 is divided by 567.
27
Calculate the remainder when 170520 is divided by 11.
9
Calculate the remainder when 24824 is divided by 4961.
19
What is the remainder when 1930 is divided by 293?
172
Calculate the remainder when 14289 is divided by 283.
139
Calculate the remainder when 840 is divided by 285.
270
Calculate the remainder when 3686 is divided by 163.
100
What is the remainder when 10239 is divided by 1281?
1272
What is the remainder when 1499571 is divided by 40?
11
Calculate the remainder when 4225 is divided by 49.
11
Calculate the remainder when 740 is divided by 137.
55
Calculate the remainder when 17158 is divided by 57.
1
What is the remainder when 13888 is divided by 262?
2
Calculate the remainder when 35750 is divided by 19.
11
What is the remainder when 48997 is divided by 5430?
127
Calculate the remainder when 2534 is divided by 709.
407
Calculate the remainder when 388452 is divided by 1363.
1360
What is the remainder when 2985474 is divided by 13?
11
Calculate the remainder when 873263 is divided by 452.
451
Calculate the remainder when 2797 is divided by 2796.
1
What is the remainder when 9217 is divided by 426?
271
What is the remainder when 24113 is divided by 4009?
59
What is the remainder when 5060 is divided by 2396?
268
Calculate the remainder when 20000 is divided by 59.
58
What is the remainder when 56385 is divided by 72?
9
What is the remainder when 1056 is divided by 188?
116
What is the remainder when 6225 is divided by 1053?
960
Calculate the remainder when 87689 is divided by 92.
13
What is the remainder when 49997 is divided by 78?
77
What is the remainder when 20246 is divided by 10116?
14
What is the remainder when 5213 is divided by 733?
82
Calculate the remainder when 607 is divided by 174.
85
What is the remainder when 47848 is divided by 493?
27
Calculate the remainder when 6507 is divided by 21.
18
Calculate the remainder when 27163 is divided by 162.
109
What is the remainder when 32482 is divided by 65?
47
Calculate the remainder when 3191 is divided by 527.
29
What is the remainder when 1449137 is divided by 17?
6
What is the remainder when 486 is divided by 58?
22
Calculate the remainder when 27123 is divided by 8929.
336
What is the remainder when 3183 is divided by 227?
5
What is the remainder when 12441 is divided by 7?
2
What is the remainder when 663 is divided by 312?
39
Calculate the remainder when 13810 is divided by 1243.
137
Calculate the remainder when 620 is divided by 292.
36
Calculate the remainder when 26049 is divided by 1185.
1164
What is the remainder when 1327 is divided by 38?
35
What is the remainder when 499833 is divided by 49983?
3
What is the remainder when 130975 is divided by 567?
565
Calculate the remainder when 11113 is divided by 34.
29
What is the remainder when 303 is divided by 25?
3
Calculate the remainder when 21480 is divided by 391.
366
Calculate the remainder when 67790 is divided by 33891.
8
What is the remainder when 3084 is divided by 456?
348
Calculate the remainder when 22302 is divided by 10224.
1854
Calculate the remainder when 19705 is divided by 23.
17
What is the remainder when 37707 is divided by 6?
3
Calculate the remainder when 11199 is divided by 661.
623
What is the remainder when 104460 is divided by 8?
4
Calculate the remainder when 9221 is divided by 1532.
29
Calculate the remainder when 12336 is divided by 118.
64
What is the remainder when 930 is divided by 63?
48
Calculate the remainder when 49402 is divided by 196.
10
Calculate the remainder when 2963 is divided by 883.
314
What is the remainder when 5590 is divided by 80?
70
Calculate the remainder when 5974 is divided by 105.
94
Calculate the remainder when 532435 is divided by 153.
148
Calculate the remainder when 4036 is divided by 9.
4
What is the remainder when 98377 is divided by 14?
13
What is the remainder when 22491 is divided by 325?
66
What is the remainder when 170276 is divided by 23?
7
Calculate the remainder when 1370183 is divided by 116.
107
Calculate the remainder when 54390 is divided by 2013.
39
Calculate the remainder when 4238921 is divided by 23.
21
Calculate the remainder when 4657 is divided by 2252.
153
What is the remainder when 62952 is divided by 3492?
96
Calculate the remainder when 2241 is divided by 139.
17
Calculate the remainder when 35667 is divided by 135.
27
Calculate the remainder when 127731 is divided by 344.
107
What is the remainder when 9847 is divided by 289?
21
What is the remainder when 1308 is divided by 133?
111
Calculate the remainder when 1486 is divided by 69.
37
Calculate the remainder when 11072 is divided by 1230.
2
What is the remainder when 26454 is divided by 13185?
84
Calculate the remainder when 1254 is divided by 824.
430
Calculate the remainder when 46479 is divided by 460.
19
Calculate the remainder when 642082 is divided by 90.
22
Calculate the remainder when 3298 is divided by 540.
58
Calculate the remainder when 16178 is divided by 586.
356
What is the remainder when 588 is divided by 431?
157
What is the remainder when 93990 is divided by 200?
190
Calculate the remainder when 172518 is divided by 908.
906
Calculate the remainder when 6166 is divided by 1533.
34
What is the remainder when 125710 is divided by 60?
10
What is the remainder when 2284 is divided by 376?
28
What is the remainder when 18170 is divided by 249?
242
Calculate the remainder when 255574 is divided by 4.
2
Calculate the remainder when 5909 is divided by 2951.
7
What is the remainder when 2803 is divided by 901?
100
What is the remainder when 6745 is divided by 964?
961
What is the remainder when 535833 is divided by 31?
29
What is the remainder when 1807 is divided by 7?
1
Calculate the remainder when 21888 is divided by 21876.
12
What is the remainder when 330061 is divided by 1454?
3
Calculate the remainder when 37746 is divided b